
2
What is the hundreds digit of 44470?
4
What is the units digit of 104552?
2
What is the ten thousands digit of 152980?
5
What is the units digit of 75415?
5
What is the tens digit of 33?
3
What is the units digit of 12034?
4
What is the ten thousands digit of 33891?
3
What is the tens digit of 812?
1
What is the ten thousands digit of 10329?
1
What is the thousands digit of 91791?
1
What is the units digit of 240?
0
What is the ten thousands digit of 79049?
7
What is the hundreds digit of 858?
8
What is the units digit of 17731?
1
What is the hundreds digit of 3174?
1
What is the hundreds digit of 10244?
2
What is the hundreds digit of 207?
2
What is the units digit of 4313?
3
What is the ten thousands digit of 16080?
1
What is the tens digit of 1535?
3
What is the ten thousands digit of 169877?
6
What is the tens digit of 13395?
9
What is the hundreds digit of 121127?
1
What is the thousands digit of 1590?
1
What is the hundreds digit of 2772?
7
What is the tens digit of 17857?
5
What is the thousands digit of 2730?
2
What is the tens digit of 917?
1
What is the tens digit of 1261?
6
What is the thousands digit of 72327?
2
What is the hundreds digit of 7040?
0
What is the hundreds digit of 150176?
1
What is the thousands digit of 64458?
4
What is the hundreds digit of 1581?
5
What is the units digit of 306?
6
What is the thousands digit of 16597?
6
What is the hundreds digit of 3983?
9
What is the units digit of 90700?
0
What is the tens digit of 58129?
2
What is the ten thousands digit of 38329?
3
What is the hundreds digit of 685?
6
What is the hundreds digit of 4024?
0
What is the thousands digit of 2721?
2
What is the units digit of 979?
9
What is the thousands digit of 5248?
5
What is the units digit of 33855?
5
What is the hundreds digit of 3515?
5
What is the hundreds digit of 1630?
6
What is the hundreds digit of 57582?
5
What is the thousands digit of 10548?
0
What is the units digit of 2335?
5
What is the tens digit of 5454?
5
What is the ten thousands digit of 60474?
6
What is the units digit of 1190?
0
What is the hundreds digit of 3376?
3
What is the thousands digit of 43785?
3
What is the units digit of 12523?
3
What is the thousands digit of 3932?
3
What is the tens digit of 4540?
4
What is the hundreds digit of 100608?
6
What is the thousands digit of 13047?
3
What is the ten thousands digit of 52132?
5
What is the hundreds digit of 7467?
4
What is the units digit of 870?
0
What is the ten thousands digit of 20026?
2
What is the hundreds digit of 54505?
5
What is the tens digit of 3935?
3
What is the tens digit of 19907?
0
What is the units digit of 589?
9
What is the hundreds digit of 499?
4
What is the ten thousands digit of 26102?
2
What is the thousands digit of 9695?
9
What is the tens digit of 16877?
7
What is the hundreds digit of 1167?
1
What is the thousands digit of 2484?
2
What is the units digit of 1443?
3
What is the units digit of 275?
5
What is the thousands digit of 59156?
9
What is the hundred thousands digit of 144670?
1
What is the units digit of 9525?
5
What is the hundreds digit of 101311?
3
What is the hundreds digit of 791?
7
What is the units digit of 2264?
4
What is the tens digit of 3401?
0
What is the units digit of 26378?
8
What is the thousands digit of 23356?
3
What is the hundreds digit of 9963?
9
What is the units digit of 3704?
4
What is the thousands digit of 6834?
6
What is the hundreds digit of 171964?
9
What is the ten thousands digit of 14701?
1
What is the hundreds digit of 2263?
2
What is the thousands digit of 2415?
2
What is the tens digit of 2048?
4
What is the ten thousands digit of 44667?
4
What is the thousands digit of 77401?
7
What is the thousands digit of 2880?
2
What is the tens digit of 29036?
3
What is the ten thousands digit of 18694?
1
What is the ten thousands digit of 72408?
7
What is the ten thousands digit of 29307?
2
What is the units digit of 2613?
3
What is the tens digit of 6197?
9
What is the tens digit of 1661?
6
What is the thousands digit of 73680?
3
What is the tens digit of 6720?
2
What is the tens digit of 9563?
6
What is the hundreds digit of 37510?
5
What is the units digit of 1076?
6
What is the tens digit of 11635?
3
What is the tens digit of 3281?
8
What is the thousands digit of 6101?
6
What is the tens digit of 3744?
4
What is the units digit of 1154?
4
What is the hundreds digit of 3924?
9
What is the units digit of 90327?
7
What is the ten thousands digit of 63416?
6
What is the units digit of 34199?
9
What is the units digit of 1307?
7
What is the tens digit of 5744?
4
What is the thousands digit of 4599?
4
What is the tens digit of 1526?
2
What is the units digit of 2854?
4
What is the hundreds digit of 22328?
3
What is the ten thousands digit of 17286?
1
What is the units digit of 69650?
0
What is the units digit of 4648?
8
What is the tens digit of 1451?
5
What is the tens digit of 2803?
0
What is the units digit of 43215?
5
What is the thousands digit of 9144?
9
What is the units digit of 64282?
2
What is the ten thousands digit of 56769?
5
What is the hundreds digit of 2530?
5
What is the tens digit of 14993?
9
What is the ten thousands digit of 34838?
3
What is the hundreds digit of 4216?
2
What is the units digit of 24296?
6
What is the tens digit of 7785?
8
What is the units digit of 3779?
9
What is the hundreds digit of 14516?
5
What is the tens digit of 5657?
5
What is the tens digit of 48179?
7
What is the units digit of 16198?
8
What is the hundreds digit of 2003?
0
What is the hundreds digit of 909?
9
What is the thousands digit of 81463?
1
What is the thousands digit of 1408?
1
What is the hundreds digit of 34943?
9
What is the hundreds digit of 2479?
4
What is the thousands digit of 7978?
7
What is the hundreds digit of 1454?
4
What is the tens digit of 9018?
1
What is the units digit of 480?
0
What is the tens digit of 5327?
2
What is the hundreds digit of 679?
6
What is the units digit of 33?
3
What is the thousands digit of 3273?
3
What is the units digit of 1602?
2
What is the tens digit of 4621?
2
What is the units digit of 44289?
9
What is the units digit of 70426?
6
What is the units digit of 1248?
8
What is the tens digit of 4311?
1
What is the tens digit of 3664?
6
What is the units digit of 2256?
6
What is the units digit of 31356?
6
What is the units digit of 3354?
4
What is the ten thousands digit of 77340?
7
What is the tens digit of 8030?
3
What is the ten thousands digit of 14150?
1
What is the thousands digit of 3321?
3
What is the tens digit of 9833?
3
What is the units digit of 7339?
9
What is the tens digit of 2758?
5
What is the ten thousands digit of 60672?
6
What is the hundreds digit of 892?
8
What is the hundreds digit of 9260?
2
What is the units digit of 2726?
6
What is the thousands digit of 9039?
9
What is the units digit of 11804?
4
What is the ten thousands digit of 35192?
3
What is the hundreds digit of 2015?
0
What is the hundreds digit of 3178?
1
What is the units digit of 3474?
4
What is the units digit of 391?
1
What is the thousands digit of 83724?
3
What is the hundreds digit of 172?
1
What is the hundreds digit of 784?
7
What is the tens digit of 4636?
3
What is the thousands digit of 1406?
1
What is the tens digit of 3533?
3
What is the hundreds digit of 71055?
0
What is the ten thousands digit of 42695?
4
What is the thousands digit of 97756?
7
What is the tens digit of 2460?
6
What is the units digit of 60?
0
What is the thousands digit of 82041?
2
What is the tens digit of 952?
5
What is the units digit of 827?
7
What is the hundreds digit of 98888?
8
What is the units digit of 714?
4
What is the units digit of 11851?
1
What is the tens digit of 725?
2
What is the thousands digit of 5862?
5
What is the tens digit of 3913?
1
What is the units digit of 3922?
2
What is the hundreds digit of 26908?
9
What is the tens digit of 68144?
4
What is the hundreds digit of 88355?
3
What is the units digit of 8864?
4
What is the hundreds digit of 1007?
0
What is the tens digit of 635?
3
What is the tens digit of 635?
3
What is the units digit of 27068?
8
What is the units digit of 150?
0
What is the hundreds digit of 1057?
0
What is the thousands digit of 3140?
3
What is the units digit of 59?
9
Wh